 19371.
3, 11, 587
List the prime factors of 41983.
41983
What are the prime factors of 5082?
2, 3, 7, 11
List the prime factors of 1177.
11, 107
List the prime factors of 5463.
3, 607
What are the prime factors of 285?
3, 5, 19
List the prime factors of 69857.
69857
List the prime factors of 20070.
2, 3, 5, 223
What are the prime factors of 1166?
2, 11, 53
List the prime factors of 38057.
19, 2003
What are the prime factors of 14521?
13, 1117
List the prime factors of 743.
743
List the prime factors of 5321.
17, 313
What are the prime factors of 96196?
2, 24049
List the prime factors of 1903.
11, 173
What are the prime factors of 17184?
2, 3, 179
List the prime factors of 82985.
5, 7, 2371
List the prime factors of 4111.
4111
List the prime factors of 23612.
2, 5903
List the prime factors of 1811.
1811
What are the prime factors of 19761?
3, 7, 941
List the prime factors of 1344.
2, 3, 7
What are the prime factors of 1976?
2, 13, 19
List the prime factors of 6142.
2, 37, 83
List the prime factors of 2337.
3, 19, 41
What are the prime factors of 21631?
97, 223
List the prime factors of 55330.
2, 5, 11, 503
List the prime factors of 2141.
2141
What are the prime factors of 18275?
5, 17, 43
What are the prime factors of 136400?
2, 5, 11, 31
List the prime factors of 50520.
2, 3, 5, 421
List the prime factors of 3637.
3637
What are the prime factors of 358?
2, 179
What are the prime factors of 12942?
2, 3, 719
List the prime factors of 66116.
2, 16529
List the prime factors of 65864.
2, 8233
What are the prime factors of 2962?
2, 1481
What are the prime factors of 3221?
3221
List the prime factors of 11570.
2, 5, 13, 89
List the prime factors of 54016.
2, 211
List the prime factors of 136478.
2, 68239
List the prime factors of 233.
233
What are the prime factors of 1640?
2, 5, 41
List the prime factors of 1096.
2, 137
List the prime factors of 398.
2, 199
What are the prime factors of 2713?
2713
List the prime factors of 17954.
2, 47, 191
What are the prime factors of 8126?
2, 17, 239
What are the prime factors of 28029?
3, 9343
What are the prime factors of 15342?
2, 3, 2557
What are the prime factors of 1222?
2, 13, 47
What are the prime factors of 8516?
2, 2129
What are the prime factors of 1976?
2, 13, 19
List the prime factors of 9872.
2, 617
What are the prime factors of 1274?
2, 7, 13
List the prime factors of 1005.
3, 5, 67
List the prime factors of 34802.
2, 17401
List the prime factors of 36549.
3, 31, 131
List the prime factors of 956.
2, 239
What are the prime factors of 15316?
2, 7, 547
List the prime factors of 1768.
2, 13, 17
List the prime factors of 63696.
2, 3, 1327
What are the prime factors of 3970?
2, 5, 397
List the prime factors of 2468.
2, 617
What are the prime factors of 6397?
6397
What are the prime factors of 380?
2, 5, 19
List the prime factors of 11695.
5, 2339
List the prime factors of 24423.
3, 7, 1163
List the prime factors of 372.
2, 3, 31
List the prime factors of 8633.
89, 97
What are the prime factors of 73007?
11, 6637
What are the prime factors of 324?
2, 3
List the prime factors of 54827.
109, 503
List the prime factors of 6911.
6911
List the prime factors of 113310.
2, 3, 5, 1259
What are the prime factors of 22070?
2, 5, 2207
List the prime factors of 639.
3, 71
What are the prime factors of 1609?
1609
List the prime factors of 1956.
2, 3, 163
What are the prime factors of 51157?
51157
List the prime factors of 3283.
7, 67
List the prime factors of 878.
2, 439
What are the prime factors of 2783?
11, 23
List the prime factors of 850.
2, 5, 17
List the prime factors of 3999.
3, 31, 43
What are the prime factors of 1437?
3, 479
What are the prime factors of 1036?
2, 7, 37
List the prime factors of 30486.
2, 3, 5081
What are the prime factors of 2092?
2, 523
List the prime factors of 4572.
2, 3, 127
List the prime factors of 1163.
1163
List the prime factors of 102962.
2, 51481
What are the prime factors of 2699?
2699
List the prime factors of 1282.
2, 641
What are the prime factors of 13881?
3, 7, 661
What are the prime factors of 6142?
2, 37, 83
What are the prime factors of 2273?
2273
List the prime factors of 8080.
2, 5, 101
What are the prime factors of 901?
17, 53
What are the prime factors of 14681?
53, 277
What are the prime factors of 213?
3, 71
List the prime factors of 936.
2, 3, 13
List the prime factors of 2427.
3, 809
List the prime factors of 4149.
3, 461
List the prime factors of 8822.
2, 11, 401
What are the prime factors of 11895?
3, 5, 13, 61
What are the prime factors of 4370?
2, 5, 19, 23
List the prime factors of 14419.
14419
List the prime factors of 66908.
2, 43, 389
What are the prime factors of 397?
397
List the prime factors of 997.
997
List the prime factors of 9916.
2, 37, 67
List the prime factors of 4478.
2, 2239
List the prime factors of 16939.
13, 1303
What are the prime factors of 126?
2, 3, 7
What are the prime factors of 11378?
2, 5689
What are the prime factors of 17731?
7, 17, 149
What are the prime factors of 23801?
23801
What are the prime factors of 47388?
2, 3, 11, 359
List the prime factors of 721.
7, 103
What are the prime factors of 11015?
5, 2203
What are the prime factors of 1612?
2, 13, 31
What are the prime factors of 1482?
2, 3, 13, 19
List the prime factors of 906.
2, 3, 151
What are the prime factors of 2573?
31, 83
What are the prime factors of 306?
2, 3, 17
What are the prime factors of 16487?
16487
What are the prime factors of 833?
7, 17
What are the prime factors of 1630?
2, 5, 163
What are the prime factors of 1397?
11, 127
What are the prime factors of 494?
2, 13, 19
What are the prime factors of 1176?
2, 3, 7
What are the prime factors of 618?
2, 3, 103
What are the prime factors of 16416?
2, 3, 19
List the prime factors of 29198.
2, 13, 1123
List the prime factors of 20953.
23, 911
What are the prime factors of 1551?
3, 11, 47
List the prime factors of 23334.
2, 3, 3889
What are the prime factors of 6184?
2, 773
What are the prime factors of 10510?
2, 5, 1051
What are the prime factors of 31519?
43, 733
What are the prime factors of 4862?
2, 11, 13, 17
What are the prime factors of 85243?
85243
What are the prime factors of 824?
2, 103
List the prime factors of 420.
2, 3, 5, 7
List the prime factors of 865.
5, 173
List the prime factors of 1451.
1451
What are the prime factors of 14970?
2, 3, 5, 499
List the prime factors of 10994.
2, 23, 239
List the prime factors of 1114.
2, 557
What are the prime factors of 6884?
2, 1721
What are the prime factors of 117?
3, 13
What are the prime factors of 52356?
2, 3, 4363
List the prime factors of 1997.
1997
What are the prime factors of 6871?
6871
List the prime factors of 2489.
19, 131
What are the prime factors of 21499?
21499
What are the prime factors of 1455?
3, 5, 97
What are the prime factors of 2065?
5, 7, 59
List the prime factors of 83430.
2, 3, 5, 103
List the prime factors of 799.
17, 47
What are the prime factors of 8673?
3, 7, 59
List the prime factors of 4451.
4451
What are the prime factors of 206?
2, 103
List the prime factors of 495.
3, 5, 11
What are the prime factors of 1146?
2, 3, 191
List the prime factors of 3929.
3929
What are the prime factors of 876?
2, 3, 73
What are the prime factors of 10596?
2, 3, 883
What are the prime factors of 40071?
3, 19, 37
What are the prime factors of 3703?
7, 23
What are the prime factors of 48123?
3, 5347
List the prime factors of 5437.
5437
What are the prime factors of 17121?
3, 13, 439
What are the prime factors of 28364?
2, 7, 1013
What are the prime factors of 134371?
134371
List the prime factors of 1366.
2, 683
What are the prime factors of 73697?
13, 5669
List the prime factors of 1032.
2, 3, 43
List the prime factors of 235.
5, 47
List the prime factors of 11770.
2, 5, 11, 107
What are the prime factors of 3524?
2, 881
What are the prime factors of 14346?
2, 3, 797
List the prime factors of 611.
13, 47
List the prime factors of 7128.
2, 3, 11
What are the prime factors of 3854?
2, 41, 47
List the prime factors of 1159.
19, 61
What are the prime factors of 48482?
2, 7, 3463
What are the prime factors of 23222?
2, 17, 683
What are the prime factors of 3486?
2, 3, 7, 83
What are the prime factors of 643?
643
List the prime factors of 12424.
